9). Calculate the highest common divisor of 856 and t.
8
Let m be (9112/67 - 10/(-2)) + 15. Suppose 0*p = 2*p - 24. What is the greatest common divisor of p and m?
12
Let n = -111490 + 111508. Let g be 3*48 - 0/3. Calculate the highest common factor of g and n.
18
Suppose -3444 = -12*z - 0*z. Let u = 301 - z. Let h be -6*28/(-3)*1. Calculate the highest common divisor of h and u.
14
Let p(w) = -17 - 9*w + 17*w - 7*w. Let o be p(5). Let l be (-11)/(22/o) + 3. Calculate the greatest common divisor of l and 81.
9
Let x(t) = 3*t**2 + 8*t + 10. Let p be x(-1). Suppose 4*u = -5*g + 2896, 3*g + 7 = -p. What is the greatest common factor of 162 and u?
81
Let r(k) = -468*k - 8407. Let t be r(-19). What is the highest common factor of 100 and t?
5
Let v = -68045 + 68054. Let d(y) = y - 7. Let r be d(0). Let h(n) = -n**3 - 7*n**2 + 1. Let b be h(r). Calculate the greatest common divisor of b and v.
1
Suppose -k - 5*y = -10, -2*k = 2*y - 6 + 2. Suppose k = -5*d + 15 - 40. Let x be (-92)/115*d/2. Calculate the greatest common factor of x and 2.
2
Let d be (6/(-33) + (-95)/22)*(-140 + 12). Calculate the greatest common factor of 152 and d.
8
Suppose 5*y + 18*y - 558 = -39*y. Let l be 3/((-6)/4) - -26. Calculate the greatest common factor of y and l.
3
Suppose -111 = -4*y + 5*g, -3*y + 63 = -y - 5*g. Suppose 12*k - 10*k = y. Suppose -k*i = -13*i + 20. What is the highest common divisor of i and 180?
20
Let n = -20 - -25. Suppose -10 = n*u, 4*u - 170 = -t + 2*u. Let i = t + -112. Calculate the greatest common divisor of 93 and i.
31
Let a(z) = z - 14. Let r be a(6). Let c(g) = -29*g - 230. Let x be c(r). What is the highest common divisor of x and 4?
2
Let r = 196 + -192. Let c(z) = 5*z**2 + 8*z - 70. Let n be c(r). Calculate the highest common factor of n and 78.
6
Let p = -29914 - -32639. What is the greatest common divisor of 325 and p?
25
Suppose 11934 = -8*h + 62*h. Suppose 0 = 16*v + 61 - h. Calculate the greatest common factor of 25 and v.
5
Let j(d) = -3*d**2 + 30*d + 2. Let h be j(10). Suppose y - 3*w = h*w + 26, -w = y - 32. Calculate the greatest common factor of 124 and y.
31
Suppose 0 = -5*z + 25, 0 - 2 = a - 4*z. Let n(o) = -801*o**2 + 4021*o + 1. Let m be n(5). Calculate the greatest common factor of a and m.
9
Let y(i) be the first derivative of 3*i**4/4 + 2*i**3/3 + 3*i**2/2 - 2*i + 95. Let f be y(2). What is the greatest common divisor of 342 and f?
18
Let f = 44 - 24. Let s = 17310 - 17210. What is the greatest common factor of f and s?
20
Suppose 0 = 2*b + 2*b - 16. Let z be ((-6)/b)/((-9)/192). Let w = -4100 + 4104. Calculate the greatest common divisor of w and z.
4
Suppose -6*w = -206 - 106. Suppose -w - 28 = -4*o. Let z be 137 - 2/((-4)/6). Calculate the greatest common factor of o and z.
20
Let c be 2/18*(178 + -61). Let g(p) = 4*p - 160. Let r(u) = u - 53. Let t(w) = 5*g(w) - 14*r(w). Let m be t(c). Calculate the greatest common factor of 4 and m.
4
Let h = -15726 - -15798. What is the greatest common factor of h and 2088?
72
Let s = 28 + -17. Let a be 0/s + 0 + 4. Suppose 0 = -5*x - 2*w + 114, 3*w = w + a. What is the highest common factor of 11 and x?
11
Suppose 0 = 27*u + 798 - 2688. Let h be ((-56)/(-2))/(8/12). What is the highest common divisor of h and u?
14
Let j(o) = 3*o**2 - 22*o + 1. Let i be j(7). Let f be (i/4)/(21/(-406)). Let p be 3/(4*(-12)/(-464)). What is the greatest common factor of f and p?
29
Suppose 24 = n + 18. Suppose -36 = -2*r + 4*g, -3*g + 3 = 3*r - n. Calculate the greatest common divisor of 8 and r.
8
Let d be 25/(25/16) + (-4 - (-10 - -7)). Suppose -480 + 60 = -4*l. Calculate the greatest common factor of l and d.
15
Let v(u) = -29*u - 1376. Let i be v(-51). What is the highest common divisor of 19673 and i?
103
Let j(x) = -54*x**2 + 3*x - 3. Let y be j(1). Let l be (-272)/(-9) - (-12)/y. Let z = l - 25. What is the highest common divisor of z and 15?
5
Let l = 20 + -1. Suppose -2*o - 5*n = -6*o + 71, -o = -n - l. Let y be ((-308)/(-66))/(2/o). Calculate the greatest common divisor of y and 14.
14
Suppose -5*d = -1059 + 939. Suppose 560 = -10*u + d*u. What is the greatest common divisor of u and 220?
20
Suppose -2*s + 7*s - 30 = -4*j, -4*j + 22 = s. Suppose s*r + h - 584 = -2*r, r - 2*h = 137. Calculate the highest common factor of r and 58.
29
Let h(u) = 2*u**2 - 5*u - 4. Let z be h(4). Suppose l - 295 = 233. Suppose 0 = 16*p - 10*p - l. What is the highest common factor of p and z?
8
Let o be 116/4 - (-6 + -4). What is the highest common divisor of 169 and o?
13
Let t(o) = 2*o**2 - 5*o - 7. Let s be t(-3). Let c(f) = -f**2 - 28*f - 69. Let u be c(-8). What is the highest common divisor of s and u?
13
Let f(p) = -68*p - 3192. Let y be f(-50). Let x(w) = w**3 + 5*w**2 + 2*w. Let k be x(5). Calculate the highest common factor of y and k.
52
Let t(r) = -4*r - 6. Let q be t(-2). Suppose -6 + 10 = q*p. Let w(c) = 5*c**2 + 4*c - 7. Let m be w(p). Calculate the greatest common factor of 14 and m.
7
Suppose 3*c - 5*c = 4*r - 2, -17 = -4*c + 5*r. Suppose -2*v = -v - c. Let o be 3/(-3*v/(-120)). What is the greatest common divisor of 8 and o?
8
Let s be ((-16)/(-72) - (-152)/18)/(7/21). Calculate the highest common factor of s and 3328.
26
Let l be (-90)/675 - 15416/30. Let w = 673 + l. Calculate the highest common factor of 3 and w.
3
Let t(v) = -102*v - 18. Let w be t(6). Let b be 4/6*w/(-4). What is the greatest common factor of b and 21?
21
Suppose -90*s + 94*s + b - 29 = 0, -5 = -5*b. What is the greatest common divisor of 182 and s?
7
Let c be 1/(16/(-6) + (-20462)/(-7644)). What is the highest common divisor of 8 and c?
2
Suppose 0 = -3*y + y + 4*x + 26, 2*y - 21 = 5*x. Let p be 1 + y + 4*15/20. Calculate the highest common factor of p and 99.
9
Suppose b + 192 = j, 2*b + 197 = 5*j - 196. Let i = b - -207. What is the highest common divisor of i and 3?
3
Let c(q) = q**2 + 1 - 15*q + 12*q + 3*q**2 + 32*q**3 + 3 - q**2. Let f be c(2). Calculate the greatest common factor of f and 28.
14
Let a be 37 + -3 - (-9 + 130/13). Let v = 894 + -465. Calculate the highest common divisor of v and a.
33
Let r(q) = 20*q - 147. Let g be r(14). Calculate the greatest common divisor of g and 49.
7
Suppose -13*h + 10*h - 279 = -4*l, 3*h - 99 = -2*l. Let n = 11 + -5. Let y be 23 + 3*(-4)/n. Calculate the greatest common factor of l and y.
21
Suppose 4963 = 3*y - 2*t, 0 = -32*y + 29*y - 3*t + 4938. Calculate the greatest common divisor of y and 91.
13
Let x(o) = 249*o**3 + 2*o**2 - 2*o + 1. Let c be x(1). Suppose -5*d - 4*z = -521 + 21, -3*d - 3*z = -300. What is the greatest common factor of c and d?
50
Let s(h) = h**3 - 7*h**2 + 7*h + 8. Let b be s(6). Let v be ((-132)/14)/((-1)/7). Let l = -31 + v. Calculate the greatest common divisor of l and b.
7
Suppose 3*d = n - 83, -7*n - 174*d + 671 = -177*d. Calculate the highest common factor of n and 707.
7
Suppose -19*w + 887 + 595 = 0. Calculate the greatest common divisor of 10 and w.
2
Suppose -56*o - 31240 = -100*o. Calculate the greatest common divisor of 22 and o.
2
Let d = -340 - -168. Let j = -109 - d. Let c = 6 - -3. Calculate the greatest common divisor of j and c.
9
Suppose 30*y - 4930 = 3980. Calculate the greatest common divisor of y and 45.
9
Let v(r) = r**3 - r + 3. Let i be v(0). Let d(u) be the first derivative of u**2 + 20*u - 42. Let s be d(2). What is the highest common factor of i and s?
3
Let y = -98 - -113. Suppose 0 = 2*b - b - y. Suppose 5*a + a - 90 = 0. What is the greatest common factor of a and b?
15
Let x(f) = -8*f**3 - 2*f**2 - 2*f - 8. Let u be x(-4). Let b be 13 + 0 - 4/(-2). What is the greatest common divisor of u and b?
15
Suppose 1034*s - 1035*s + 211 = 0. What is the greatest common divisor of s and 8651?
211
Let u(x) = 6*x**2 + 49*x + 121. Let r be u(-3). What is the greatest common factor of 3969 and r?
7
Suppose 4*t - 21 = 3*t. Let n(a) = -a + 58. Let w be n(9). Let s = w - t. Calculate the highest common divisor of s and 196.
28
Let p be -617 + 612 - (1 + -61). Calculate the highest common factor of p and 176.
11
Let r = 279 + -286. Let g be (108 - r) + (0 - -2). What is the greatest common factor of 9 and g?
9
Suppose -4*p - v + 216 = -6*v, -2*p - 5*v = -78. Let g = 976 - 948. Let s = p - g. Calculate the highest common factor of 18